) - -2). Let r = c + -3719. Is r prime?
False
Suppose -3*j - 3*c = -c - 28, 0 = j + 2*c - 8. Suppose 12*y - 38 = j. Suppose 2858 = 2*p + 4*h, -5*h = -y*p - p + 7220. Is p prime?
True
Suppose -2*c + 2320687 = 3*g + 216690, -2*c + 1402668 = 2*g. Is g prime?
True
Let s(l) = l**3 + 8*l**2 - 4*l - 28. Let k be s(-8). Suppose 3*r + 4560 - 20381 = 5*x, x - 21064 = -k*r. Is r composite?
True
Suppose -28 = -4*x - 0*s - 4*s, -5*s = 2*x - 23. Let d(b) = 195*b**3 + 12*b**2 + 3*b + 2. Let q be d(x). Suppose 4621 = 9*p - q. Is p composite?
True
Suppose 2*v - 2*p + 10 = 2, 9 = 3*v + 4*p. Is 3131 - (v - (-1 - -6)) a prime number?
True
Let l = 68 + -66. Let c(m) = 7 - 4*m**l - m**3 - 53*m + 68*m + 0*m**3. Is c(-11) prime?
False
Let p = 22 - -1. Let h be (-1 - p)*361/38. Let r = -37 - h. Is r composite?
False
Suppose -1112*i = -1088*i - 152184. Is i composite?
True
Suppose -2*r - 6 = -38. Suppose -i + r = 4*d, d - 4 - 15 = -4*i. Is 10/i*(-60174)/(-45) prime?
True
Let p be 6/2 - ((-4)/(-4) + -4). Suppose p*k = 5*k - y + 7, -4*y = -3*k. Suppose t - 2*c = 531, -c - 546 = -t + k*c. Is t prime?
True
Suppose -l - l - a - 596 = 0, -a = -3*l - 884. Let n(r) = 18*r**3 + 4*r**2 + 17*r + 2. Let f be n(-3). Let i = l - f. Is i composite?
True
Suppose -11958437 = -118*o - 47*o + 9700618. Is o a prime number?
True
Let a(b) = -2*b**2 - 35*b - 13. Let j be a(-18). Let t = 36 + j. Suppose -t*f + 1696 = 161. Is f prime?
True
Let l = 284368 + -97185. Is l a prime number?
False
Suppose -2*i - 153700 = -3*g, -2*i = 4*g - 4*i - 204934. Is -7*(g/(-6) - 0) a prime number?
False
Let r = -56557 - -112218. Is r prime?
True
Let q(g) = g**3 + 137*g**2 + 83*g + 397. Is q(-132) a composite number?
False
Let u be 2*2*(-30 + 31). Suppose -2*s - 5*q + 30 = -7*s, -3*q = u*s - 11. Is (1/s*-1)/(-1) - -522 a composite number?
False
Let n(c) = -12*c + 22. Let o be n(4). Let w(t) = -t**3 - 20*t**2 - 4*t + 35. Is w(o) prime?
False
Let p = 59806 + -38112. Suppose 10*z + p - 86384 = 0. Is z a composite number?
False
Suppose -9*g - 3393 = -13878. Suppose -5*u + g = 4*c, 4*c + 3*u + 814 = 1985. Is c prime?
False
Suppose 452592 = -0*z + 21*z. Suppose -3*x + 2*f = -x - z, 5*x - 53830 = -5*f. Is x a composite number?
False
Let w be (176/66)/((-2)/(-921)). Suppose 0 = -2*p + 4*l + 4, 16 = p + l - 1. Suppose -w = -p*y + 8*y. Is y prime?
True
Let o(j) = -3939*j**3 - 132*j**2 + j - 13. Is o(-4) composite?
False
Let h(p) = -p**2 + 19*p + 3. Let x be h(19). Suppose -x*a + 730 = -1937. Suppose -27*s = -26*s - a. Is s a composite number?
True
Suppose 0 = 3*x - k - 2*k - 71937, 95916 = 4*x + 4*k. Suppose 2519 = -4*j + x. Suppose n = -4*n - 4*m + j, -5*n = -4*m - 5365. Is n prime?
False
Let k = -153837 + 256120. Is k composite?
True
Let w be ((-3 - 0) + 3 - 0)/(-2). Suppose w = -6*n - 8 - 16. Is 14 + -2 + 3 - n prime?
True
Suppose 3*x + q - 7 = 0, 2*x + 4*q = 29 - 11. Is ((-3)/15)/((-1)/7255*x) a prime number?
True
Let c(l) = -3042*l - 77. Let k(z) = 2*z + 3. Let a(o) = c(o) + 4*k(o). Is a(-4) composite?
False
Let r(p) = -p**2 - 40*p + 28. Let l be r(-41). Is 64623/l*2/(-6) a composite number?
False
Let l be -4*(7/(-5))/((-4)/(-5)). Suppose c - 19 = -l. Suppose c*t - 14*t - 2*h + 390 = 0, 561 = 3*t - 3*h. Is t composite?
False
Let u(i) = -i**2 - 13*i + 11. Let o be u(-16). Let n = o - -39. Suppose -n*m + 3 = -1. Is m a prime number?
True
Let o = -98 - -95. Let m(f) be the second derivative of -27*f**5/20 - f**4/6 - f**3/2 + f**2/2 + 4*f. Is m(o) composite?
True
Suppose -4*y + 3*l + 312 = 0, 0*y - 2*y - 5*l + 130 = 0. Let c = -71 + y. Let i(s) = 3*s**3 - 2*s - 1. Is i(c) a prime number?
False
Suppose 32134230 = 76*o + 14*o. Is o a composite number?
False
Let l(b) = 1585*b**3 - b**2 + 4*b - 29. Is l(4) a composite number?
False
Suppose -21220 = -46*w + 41*w. Suppose 7*g - 16 = 3*g, 4*k = -2*g + w. Is k a composite number?
True
Suppose 2*s - 3*s - 2 = 0. Let z be -4 + ((-6)/(-9))/(s/(-9)). Is (z/(-2))/((-8)/(-29552)) composite?
False
Let j = -289 - -286. Is (-8)/(-72)*j*-3858 a prime number?
False
Let m be 0/2 - (40 + -43). Suppose -4*i = m*b - 8765, -23*i + 4 = -24*i. Is b prime?
True
Let b be 6/(-4) + (-40230)/36. Is (-7 - (20/(-2) + 4))*b a prime number?
False
Let o(z) = -4*z + 19. Let p be o(4). Suppose 2*q = -2*k + 10644, 3*k + p = -0. Is q composite?
False
Let x = 176490 - -203159. Is x a prime number?
True
Let n(a) = -11*a**2 - 6*a + 60. Let r be n(6). Is (6456/32)/((-9)/r) composite?
True
Suppose 15 = -5*t, 2*l - 3*t - 16 = t. Suppose -2*k + 5*k + 4*f - 11843 = 0, -2*f = l*k - 7892. Is k a prime number?
False
Let g(f) = 1800*f - 262. Let z(u) = -899*u + 130. Let s(w) = -2*g(w) - 5*z(w). Is s(13) composite?
True
Let s(u) = -2*u - 2. Let x be s(-2). Let w be -10 - ((-6 - -2) + -11). Suppose -y = -x*k + w*k - 2401, 0 = -3*y - 3*k + 7191. Is y a composite number?
True
Is (-10)/35 - ((-1220272)/14 + 13) prime?
True
Suppose -45*d + 229481 = -683254. Is d composite?
True
Let c = 197 - 191. Let m(w) = 365*w + 95. Is m(c) a composite number?
True
Suppose 6*u - 10*u = 3*n - 1069429, -4*u + 1069464 = -4*n. Is u a prime number?
False
Let v(n) = 19*n**3 - 12*n**2 - 13*n - 289. Is v(16) composite?
True
Let i(f) be the third derivative of 39*f**5/10 - f**4/24 - 58*f**2. Is i(1) a composite number?
False
Let g be 9733763/7163 + ((-8)/38)/(-2). Suppose 3*y = -3*r + 1305, -3*y + 4*r - 2*r = -1320. Suppose 0 = 3*t + y - g. Is t composite?
False
Let z = -653 + 654. Let r(g) = 5135*g + 12. Is r(z) composite?
False
Let y = 38694 + -22373. Is y a prime number?
False
Let b(m) = m + 15. Let y be b(-6). Suppose -y*n + 1505 = -2*n. Suppose n + 1543 = 6*s. Is s a composite number?
False
Is ((-495796)/70)/((-15)/75) prime?
False
Is 2962/4*(99 + -41) a prime number?
False
Is (-33)/11*(-48044)/12 a prime number?
True
Let i(r) = 2*r**2 + 26*r + 105. Let o be i(-14). Suppose 260*t + o = 261*t. Is t prime?
False
Let n = 964573 - 607416. Is n a prime number?
False
Is ((-12)/(-24))/((-5)/8) + 10740519/5 a prime number?
False
Is -17 + (-11 - -741201)/19 prime?
True
Let n(w) = -217*w - 71. Let s be n(-14). Suppose 0 = -7*t + s - 314. Is t a composite number?
False
Suppose 8060594 = 136*d - 113*d - 16812641. Is d composite?
True
Suppose -114266 = -28*q - 502. Suppose 3*u = -0*u + 4*g + q, 0 = -5*u + 3*g + 6790. Is u a composite number?
False
Let u(f) = 395*f - 59 + 230*f + 157*f + 219 + 145. Is u(27) a composite number?
False
Suppose -b - 11 = -26. Is 5039/3 - ((-110)/b - -8) prime?
False
Suppose 25*x - 3692 = 7583. Let g = 1836 + x. Is g a composite number?
False
Is -1*(149303 + (-12)/(-4))*(-4)/8 prime?
True
Let m(r) = 134186*r + 2607. Is m(4) composite?
False
Suppose 5*w = -3*c, -2*w - 5 = 5*c + 14. Is (w/(-12))/1 + (-126462)/(-24) composite?
True
Suppose 3*o - 48 - 84 = 2*h, 5*h - 2*o + 352 = 0. Let w be (111/(-9))/((-3)/63). Let k = w + h. Is k a prime number?
False
Let d(p) = -p**3 + 5 - 3 + 2*p**2 + 132*p - 129*p + 1. Let h = 0 + -2. Is d(h) a prime number?
True
Let l be 8/12 - (68/(-6) + 0). Suppose 0 = -5*x + 8*x - l. Suppose -x*q = -4*w - 2164, 0*w - 2705 = -5*q + 3*w. Is q a composite number?
False
Suppose -3677531 = -19*a + 3796695 - 1113957. Is a prime?
True
Suppose -5*g = -16*g + 42130. Let i = 1607 + g. Is i prime?
True
Is (1147798/(-4) + -10)*(-2 - 0) prime?
False
Suppose -a = 4*r - 968336, 2*r - 4*a + 2530 - 486680 = 0. Is r composite?
False
Let g(n) = 83567*n + 1510. Is g(3) prime?
False
Is ((377395/(-15))/((-2)/(-12)) + -1)*-1 prime?
True
Let z(f) = -330*f - 1. Let w be z(-1). Let g be (-8)/(-6)*-3 + w. Let u = 470 - g. Is u composite?
True
Let v(z) = 2*z**3 + z**2 - 3*z - 1. Let c be (6/(-8))/((-1)/(-8)). Let h be v(c). Let b = h + 1005. Is b composite?
True
Let i(q) be the second derivative of q**4 - 121*q**3/6 - 13*q**2/2 + 36*q. Is i(46) composite?
False
Suppose -11*j = 2349668 - 860356. Is 15/(-35) - j/28 composite?
True
Let a = 2482 + -1452. Let d = a - 716. Suppose -11*u + 12*u = d. Is u prime?
False
Is 4612502 + (3 + (-144)/32)/(3/18) prime?
True
Suppose 35*v = 35521 - 7311. Let m = -435 + v. Is m composite?
True
Let w = 37941 - -39770. Is w a prime number?
True
Let y(g) = -2*g**3 + 19*g**2 + 7*g + 4. Let n be y(7). Suppose 0 = -14*v + 10336 - n. Is v prime?
False
Suppose 5*y - s = -2*s + 284313, -3*y + 170583 = 3*s. Is